+ 2628. Calculate the greatest common factor of m and 2080.
10
Let z(t) = -t**3 + 9*t**2 + 38*t - 20. Let s be z(12). Suppose 6*a - 10*a = -s*q + 340, -q + 4*a + 100 = 0. Calculate the greatest common divisor of q and 50.
10
Let x(w) = -3*w - 6. Let o(s) = -s. Let j(d) = o(d) - x(d). Let r be j(8). Suppose 0 = r*q - 27*q + 10. Calculate the greatest common divisor of q and 26.
2
Suppose 36*b + 67 - 265 = 90. What is the highest common divisor of b and 7400?
8
Let p = -42 + 45. Suppose -7*x + 10*x = p*i + 57, -x + 2*i = -17. What is the greatest common factor of x and 336?
21
Suppose 3*i - 2*z - 155 = 0, -4*i = -13*z + 8*z - 195. What is the highest common divisor of 825 and i?
55
Suppose -31*j + 28*j + 6 = 0. Suppose d + 4 + 0 = 3*g, 3*g - 2*d - j = 0. Suppose -6*x = -26 + g. What is the highest common factor of 1 and x?
1
Let o(r) = -r**3 - 42*r**2 + 136*r + 55. Let g be o(-45). Suppose 2*w - 5*w = -723. Let j = -131 + w. Calculate the highest common divisor of j and g.
10
Let x = -10745 + 11951. What is the greatest common divisor of 198 and x?
18
Suppose -6*p + 10 = -7*p - 4*d, 4*p - 40 = 4*d. Suppose -30 = v - p*v. Suppose -c = c - 132. Calculate the highest common factor of c and v.
6
Let d be -2 - ((17 - 8) + -32). Let n(f) = -f**3 + 21*f**2 + 7*f - 77. Let q be n(d). What is the greatest common factor of q and 315?
35
Let p(s) = 4*s**2 - 3*s - 2. Let h be p(-2). Let c be -2 + h + (-2 - -2). Let k = -51521 + 51551. What is the greatest common factor of k and c?
6
Let j(n) = 24*n + 10. Let l = -132 - -134. Let t be j(l). What is the greatest common divisor of t and 58?
58
Let d(f) = 9*f**2 - 9*f + 18. Let o be d(4). Suppose -u + o = -162. Calculate the greatest common divisor of 32 and u.
32
Suppose -6*l + 345 = -3*l. Let y = 177484 - 177464. What is the highest common divisor of y and l?
5
Suppose 3*m + y = 239, 0 = 2*y - 3*y - 4. Let o = 87 - m. What is the greatest common divisor of o and 78?
6
Let k(r) = 12 - 126 - 26 - 40*r. Let n be k(-4). What is the greatest common divisor of n and 8?
4
Let s = -235998 + 236078. Let n(t) = -t**2 + 5*t + 1. Let v be n(4). Suppose -v*u + 78 + 22 = 0. Calculate the highest common divisor of u and s.
20
Let a(i) = -6*i. Let o be a(-1). Let h be 9/(-21) - 12/168*-762. Calculate the greatest common factor of h and o.
6
Let m = -21222 + 21344. What is the highest common factor of m and 6344?
122
Suppose -5 = -4*n - n. Suppose 1478*t + 10312 = 50218. What is the greatest common divisor of n and t?
1
Let h(c) = 12*c**3 + 2*c**2 - 58*c + 194. Let q be h(4). Calculate the greatest common divisor of q and 33.
3
Let k(j) = -5*j**2 + 54*j + 44. Let y be k(10). What is the highest common factor of 24 and y?
12
Let h = 150 + -142. Suppose -1750 = -h*j - 6*j. What is the highest common divisor of 15 and j?
5
Let c = 17 - -19. Let a = -68578 + 68596. Calculate the greatest common factor of c and a.
18
Let r(l) be the third derivative of l**5/60 + 3*l**4/8 - 3*l**3/2 - 2*l**2. Let i be r(6). Let z = 1097 + -1088. Calculate the highest common factor of z and i.
9
Suppose 1038*b - 4*a = 1037*b + 288, -4*b + 3*a + 1230 = 0. Calculate the greatest common divisor of 1443 and b.
39
Let z = 5504 + 7657. What is the greatest common factor of 123 and z?
123
Let x be 3 + ((-1)/1)/((-2)/(-6)). Suppose -p + 3*m + 111 = x, -7*p - 2*m = -5*p - 238. What is the highest common factor of p and 9?
9
Suppose u = -2*r + 8, 8 = 2*r - 4*u - 0. Suppose -r = -7*c + 3*c, -4*g = -4*c - 4. Calculate the highest common factor of 1 and g.
1
Suppose 5*w = 3*x + 2*x - 40, 3*x = 5*w + 20. Let t be 5 - x/25*(8 - -2). Let l be -1 - t - (-6 + 2). Calculate the highest common factor of l and 2.
2
Let u be 1/((12/120)/((-4)/((-40)/26))). What is the greatest common divisor of u and 30511?
13
Let d be ((-2)/6)/((-4)/12). Suppose v + 3*u = 16, 0 = 2031*v - 2033*v - 4*u + 34. What is the highest common divisor of d and v?
1
Let r(l) = -2*l**3 + 12*l**2 - 7*l + 31. Let g be r(6). Let p(m) = m**2 - 2*m - 99. Let z be p(g). What is the greatest common divisor of z and 8?
4
Let k be (193 - 27) + (3 - 17). What is the highest common divisor of 8968 and k?
152
Let r(q) = 2*q**2 + q + 12. Let g be r(-9). Suppose 8*t - g = 195. What is the greatest common factor of 180 and t?
45
Suppose -1020 = -3*g + 4986. Suppose 10*h + g = 24*h. What is the highest common factor of 26 and h?
13
Let q(m) be the third derivative of m**6/120 - m**5/60 + m**4/4 + 25*m**3/6 - 5*m**2. Let k be q(7). What is the highest common factor of k and 19?
19
Let k be 16/(-12) - 578/(-6). Let g = -93 + k. Suppose -2*d = 2*h - 6, -3*d + 2*d - g = -4*h. Calculate the greatest common factor of d and 5.
1
Suppose -2*m = 2*n - 6*m - 790, -2*n = 2*m - 760. Suppose -64*w + 107*w = 2365. What is the highest common divisor of n and w?
55
Let i = -11812 + 13736. Calculate the highest common divisor of 39 and i.
13
Let d(w) = -7*w**2 + 447*w - 842. Let m be d(61). Calculate the greatest common factor of 42 and m.
42
Let a = 225 - 221. Suppose 23*u = a*u + 38. Calculate the greatest common divisor of u and 19.
1
Let h be (85 - 1) + (19 - 24). Let y = 84 - h. Suppose 0 = q + y*u - 31, -41 = -5*q - 3*u + 4. What is the highest common divisor of q and 2?
2
Suppose 0 = -4*k + k + 42. Let g be ((32/10)/(-2))/(28/350). Let f be (56/g)/((-5)/100). What is the greatest common factor of k and f?
14
Suppose 6775 = 36*f - 11045. Suppose 13*i - f = 389. Calculate the highest common divisor of i and 102.
34
Let m = 38564 - 18910. What is the highest common divisor of m and 62?
62
Let f(g) = 8*g**3 + g**2 - 5*g + 5. Let y be f(2). Let v be (-20)/(-35) - (-3051)/y. Calculate the greatest common factor of 7 and v.
7
Suppose 2*y - 79 = -3*h, y - 5*h = 23 + 49. Let c(b) = -5*b**2 + 131*b - 634. Let r be c(8). What is the highest common divisor of y and r?
47
Suppose -10*h + 2 = -9*h. Suppose 7*f - 51 = -h*p + 4*f, -95 = -4*p + f. What is the highest common divisor of 156 and p?
12
Let m(w) = w**2 + 10*w - 21. Let s be m(-12). Suppose -8*z - 4*o = -4*z - 128, s*o = 12. Calculate the greatest common factor of 7 and z.
7
Let y(s) = -s**2 - 6*s + 22. Let z be y(-8). Let o = 48 - z. Suppose b + 252 = 5*b. Calculate the greatest common divisor of o and b.
21
Let s(p) = -68*p - 1867. Let g be s(-65). What is the highest common divisor of g and 444?
111
Let b be -3 + 2 + 23*1. Let o be 0 + -6 + (15 - 4). Suppose 83 = -o*z + 248. Calculate the greatest common divisor of b and z.
11
Let p = 67073 - 38129. Calculate the highest common divisor of 134 and p.
134
Let p be (-16)/(-7) + 5 + 37/(-7). Let y be 9/p*(-4 + (-6)/(-1)). Let k = 5 + -2. What is the highest common factor of y and k?
3
Let k(d) = 21*d + 14. Let o be k(10). Let u be (-58)/(-87)*(-84)/(2 - 4). Calculate the greatest common factor of u and o.
28
Suppose 2*s + 4*c = -16, 5*s - 2*c + 8 = 28. Let b be -5 + (s - 1) - -34. What is the highest common factor of 270 and b?
30
Let t = 3763 + -3667. What is the greatest common factor of t and 432?
48
Let p be 26*1 - (0/9 + 5). Suppose 5*x = -1 + 11. Suppose 5*t - 31 = -x*i, 0*i = 5*t + 4*i - 27. Calculate the greatest common divisor of p and t.
7
Let t(z) = -4*z**3 - 9*z**2 - z + 28. Let d(k) = k**3 + 2*k**2 - 7. Let c(q) = 9*d(q) + 2*t(q). Let x be c(3). Calculate the highest common factor of 2 and x.
2
Suppose 8*n - 4*f - 764 = 3*n, -2*f = -n + 148. Let x = 471 - n. What is the highest common divisor of 35 and x?
35
Let k = 2733 + -2446. Suppose 0 = 2*t - t - 123. Suppose c + t = 4*c. What is the greatest common divisor of k and c?
41
Let g = 18 - 14. Let q(d) = d**2 + 4*d - 2. Let r be q(g). Let n be (270/(-81))/(1 + 4/(-3)). Calculate the highest common divisor of r and n.
10
Let r = -18 - -82. Suppose 15*j = 6*j + 7*j + 512. Calculate the greatest common divisor of r and j.
64
Let j(n) = 2*n**3 - 20*n**2 + n. Let y be j(10). Let d = y - 2. Suppose -v = 4*v - 5. What is the greatest common divisor of d and v?
1
Let u = -22611 - -31689. Calculate the greatest common factor of u and 204.
102
Suppose 0*z - 26 = -3*z + 5*r, -r = 4. Suppose z*g - 3036 = -g. Calculate the greatest common factor of 46 and g.
46
Let r(m) = -730*m**3 - 3*m**2 - 2*m - 1. Let p be r(-1). Calculate the highest common factor of 140 and p.
28
Suppos